{"id":311,"date":"2024-08-23T07:56:49","date_gmt":"2024-08-23T07:56:49","guid":{"rendered":"https:\/\/indochine.lohatheme.com\/?page_id=311"},"modified":"2025-06-25T00:11:11","modified_gmt":"2025-06-25T00:11:11","slug":"about","status":"publish","type":"page","link":"https:\/\/goldfive.rs\/?page_id=311","title":{"rendered":"O nama"},"content":{"rendered":"\t\t<div data-elementor-type=\"wp-page\" data-elementor-id=\"311\" class=\"elementor elementor-311\">\n\t\t\t\t\t\t<section class=\"elementor-section elementor-top-section elementor-element elementor-element-5f4b31d elementor-section-full_width elementor-section-height-default elementor-section-height-default\" data-id=\"5f4b31d\" data-element_type=\"section\">\n\t\t\t\t\t\t<div class=\"elementor-container elementor-column-gap-no\">\n\t\t\t\t\t<div class=\"elementor-column elementor-col-100 elementor-top-column elementor-element elementor-element-213965b\" data-id=\"213965b\" data-element_type=\"column\">\n\t\t\t<div class=\"elementor-widget-wrap elementor-element-populated\">\n\t\t\t\t\t\t<div class=\"elementor-element elementor-element-62af942 elementor-align-left elementor-widget elementor-widget-bdevs-page-banner\" data-id=\"62af942\" data-element_type=\"widget\" data-widget_type=\"bdevs-page-banner.default\">\n\t\t\t\t<div class=\"elementor-widget-container\">\n\t\t\t\t\t  \r\n         \r\n        <section class=\"banner-area pt-324 pb-250\" style=\"background-image: url(https:\/\/goldfive.rs\/wp-content\/uploads\/2025\/06\/O-nama-BANER-3.jpg);\">\r\n            <div class=\"container text-center\">\r\n            <div class=\"row align-items-center justify-content-between\">\r\n                <div class=\"banner-content wow fadeInUp delay-0-2s\">\r\n                                        <h1>O nama<\/h1>\r\n                                        <div class=\"mt-32\">\r\n                        <ul class=\"breadcrumb wow fadeInUp delay-0-4s\">\r\n                                                        <li class=\"breadcrumb-item\"><a href=\"https:\/\/goldfive.rs\/\">Po\u010dena<\/a><\/li>\r\n                                                                                    <li class=\"breadcrumb-item\">O nama<\/li>\r\n                                                    <\/ul>\r\n                    <\/div>\r\n                <\/div>\r\n            <\/div>\r\n        <\/div>\r\n    <\/section>\r\n        \t\t\t\t<\/div>\n\t\t\t\t<\/div>\n\t\t\t\t\t<\/div>\n\t\t<\/div>\n\t\t\t\t\t<\/div>\n\t\t<\/section>\n\t\t\t\t<section class=\"elementor-section elementor-top-section elementor-element elementor-element-20df744 elementor-section-full_width elementor-section-height-default elementor-section-height-default\" data-id=\"20df744\" data-element_type=\"section\">\n\t\t\t\t\t\t<div class=\"elementor-container elementor-column-gap-no\">\n\t\t\t\t\t<div class=\"elementor-column elementor-col-100 elementor-top-column elementor-element elementor-element-98054c2\" data-id=\"98054c2\" data-element_type=\"column\">\n\t\t\t<div class=\"elementor-widget-wrap elementor-element-populated\">\n\t\t\t\t\t\t<div class=\"elementor-element elementor-element-3c8865d elementor-align-left elementor-widget elementor-widget-bdevs-about-2\" data-id=\"3c8865d\" data-element_type=\"widget\" data-widget_type=\"bdevs-about-2.default\">\n\t\t\t\t<div class=\"elementor-widget-container\">\n\t\t\t\t\t    <!-- About Style 2 Start -->\r\n    <section class=\"about-style-2 py-128\">\r\n        <div class=\"container\">\r\n            <div class=\"row align-items-center\">\r\n                <div class=\"col-xl-6 col-lg-6 left\">\r\n                    <div class=\"section-title wow fadeInUp delay-0-3s\">\r\n                                                <h2>Na\u0161 projekat - Va\u0161e poverenje<\/h2>\r\n                                                <div class=\"wow fadeInUp delay-0-4s mb-45\">\r\n                            <ul class=\"tab-style-one nav nav-pills nav-fill mb-32 wow fadeInUp delay-0-4s\">\r\n                                                                                                <li class=\"nav-item\">\r\n                                    <a class=\"nav-link active\" data-bs-toggle=\"tab\" href=\"#apart-tap1\">\u2022\tGOLD 5 - Vizija<\/a>\r\n                                <\/li>\r\n                                                                                                <li class=\"nav-item\">\r\n                                    <a class=\"nav-link \" data-bs-toggle=\"tab\" href=\"#apart-tap2\">\u2022\tGOLD 5 - Temelji<\/a>\r\n                                <\/li>\r\n                                                                                                <li class=\"nav-item\">\r\n                                    <a class=\"nav-link \" data-bs-toggle=\"tab\" href=\"#apart-tap3\">\u2022\tGOLD 5 - Poverenje<\/a>\r\n                                <\/li>\r\n                                                                 \r\n                            <\/ul>\r\n                            <div class=\"tab-content\">\r\n                                                                                                <div class=\"tab-pane fade show active\" id=\"apart-tap1\">\r\n                                                                        <p>Svaka pri\u010da po\u010dinje vizijom. Na\u0161a je bila jasna \u2013 stvoriti re\u0161enja koja spajaju estetiku, funkcionalnost i dugotrajnost. Vo\u0111eni idejom da kvalitet treba da bude standard, a ne privilegija, oblikovali smo tim koji danas stoji iza brenda GOLD FIVE.<\/p>\r\n                                                                    <\/div>\r\n                                                                                                <div class=\"tab-pane fade \" id=\"apart-tap2\">\r\n                                                                        <p>Na\u0161i temelji po\u010divaju na znanju, iskustvu i pa\u017eljivo izgra\u0111enim vrednostima. Svakom projektu pristupamo odgovorno, sa istom stra\u0161\u0107u i posve\u0107eno\u0161\u0107u, veruju\u0107i da su detalji ono \u0161to pravi razliku. Na\u0161a sada\u0161njost je sna\u017ena, jer je zasnovana na \u010dvrstoj osnovi.<\/p>\r\n                                                                    <\/div>\r\n                                                                                                <div class=\"tab-pane fade \" id=\"apart-tap3\">\r\n                                                                        <p>Za nas poverenje nije samo re\u010d \u2013 to je obe\u0107anje koje svakodnevno opravdavamo. Gradimo dugoro\u010dne odnose sa klijentima, kroz kvalitetnu uslugu, transparentnu komunikaciju i rezultate koji govore sami za sebe. Va\u0161e poverenje je na\u0161 najve\u0107i uspeh i budu\u0107nost koju stvaramo zajedno.<\/p>\r\n                                                                    <\/div>\r\n                                                                 \r\n                            <\/div>\r\n                        <\/div>\r\n                                                <div class=\"button\">\r\n                            <a class=\"btn-white-bg\" href=\"https:\/\/indochine.lohatheme.com\/?page_id=275\">Kontaktirajte nas<\/a>  \r\n                        <\/div>\r\n                                            <\/div>\r\n                <\/div>\r\n                <div class=\"col-xl-6 col-lg-6\">\r\n                    <div class=\"imgs\">\r\n                                                <img decoding=\"async\" src=\"https:\/\/indochine.lohatheme.com\/wp-content\/uploads\/2024\/08\/about-right.jpg\" alt=\"about image\">\r\n                                                                    <\/div>\r\n                <\/div>\r\n            <\/div>\r\n        <\/div>\r\n    <\/section>\r\n    <!-- About Style 2 End -->\r\n    \t\t\t\t<\/div>\n\t\t\t\t<\/div>\n\t\t\t\t\t<\/div>\n\t\t<\/div>\n\t\t\t\t\t<\/div>\n\t\t<\/section>\n\t\t\t\t<section class=\"elementor-section elementor-top-section elementor-element elementor-element-20430fb elementor-section-full_width elementor-section-height-default elementor-section-height-default\" data-id=\"20430fb\" data-element_type=\"section\">\n\t\t\t\t\t\t<div class=\"elementor-container elementor-column-gap-no\">\n\t\t\t\t\t<div class=\"elementor-column elementor-col-100 elementor-top-column elementor-element elementor-element-4d06ed7\" data-id=\"4d06ed7\" data-element_type=\"column\">\n\t\t\t<div class=\"elementor-widget-wrap elementor-element-populated\">\n\t\t\t\t\t\t<div class=\"elementor-element elementor-element-3b2e5f4 elementor-align-left elementor-widget elementor-widget-bdevs-achievements\" data-id=\"3b2e5f4\" data-element_type=\"widget\" data-widget_type=\"bdevs-achievements.default\">\n\t\t\t\t<div class=\"elementor-widget-container\">\n\t\t\t\t\t        <!-- Achievements Area start -->\r\n        <section class=\"achievement-area text-white\" style=\"background-image: url(https:\/\/indochine.lohatheme.com\/wp-content\/uploads\/2024\/08\/counter.png);\">\r\n            <div class=\"container\">\r\n                <div class=\"row\">\r\n                    <div class=\"counter-wrap\">\r\n                        <div class=\"row\">\r\n                                                        <div class=\"mobile-mb col-xs-3 col-lg-3\">\r\n                                <div class=\"counter-text-wrap wow fadeInUp delay-0-2s\">\r\n                                    <div class=\"d-flex\">\r\n                                        <h2 class=\"count-text mb-32\" data-speed=\"3000\" data-stop=\"500\">0<\/h2><span class=\"h2\">+<\/span>\r\n                                    <\/div>\r\n                                                                        <h5 class=\"counter-title\">ZADOVOLJNIH KLIJENATA<\/h5>\r\n                                       \r\n                                <\/div>\r\n                            <\/div>\r\n                                                        <div class=\"mobile-mb col-xs-3 col-lg-3\">\r\n                                <div class=\"counter-text-wrap wow fadeInUp delay-0-2s\">\r\n                                    <div class=\"d-flex\">\r\n                                        <h2 class=\"count-text mb-32\" data-speed=\"3000\" data-stop=\"6\">0<\/h2><span class=\"h2\">+<\/span>\r\n                                    <\/div>\r\n                                                                        <h5 class=\"counter-title\">  GODINA   ISKUSTVA<\/h5>\r\n                                       \r\n                                <\/div>\r\n                            <\/div>\r\n                                                        <div class=\"mobile-mb col-xs-3 col-lg-3\">\r\n                                <div class=\"counter-text-wrap wow fadeInUp delay-0-2s\">\r\n                                    <div class=\"d-flex\">\r\n                                        <h2 class=\"count-text mb-32\" data-speed=\"3000\" data-stop=\"13\">0<\/h2><span class=\"h2\">+<\/span>\r\n                                    <\/div>\r\n                                                                        <h5 class=\"counter-title\">DUGOGODI\u0160NJIH SARADNIKA<\/h5>\r\n                                       \r\n                                <\/div>\r\n                            <\/div>\r\n                                                        <div class=\"mobile-mb col-xs-3 col-lg-3\">\r\n                                <div class=\"counter-text-wrap wow fadeInUp delay-0-2s\">\r\n                                    <div class=\"d-flex\">\r\n                                        <h2 class=\"count-text mb-32\" data-speed=\"3000\" data-stop=\"830\">0<\/h2><span class=\"h2\">+<\/span>\r\n                                    <\/div>\r\n                                                                        <h5 class=\"counter-title\">USPE\u0160NIH PROJEKATA<\/h5>\r\n                                       \r\n                                <\/div>\r\n                            <\/div>\r\n                                                    <\/div>\r\n                    <\/div>\r\n                <\/div>\r\n            <\/div>\r\n        <\/section>\r\n        <!-- Achievements Area end -->\r\n            \t\t\t\t<\/div>\n\t\t\t\t<\/div>\n\t\t\t\t\t<\/div>\n\t\t<\/div>\n\t\t\t\t\t<\/div>\n\t\t<\/section>\n\t\t\t\t<section class=\"elementor-section elementor-top-section elementor-element elementor-element-5271ae1 elementor-section-full_width elementor-section-height-default elementor-section-height-default\" data-id=\"5271ae1\" data-element_type=\"section\">\n\t\t\t\t\t\t<div class=\"elementor-container elementor-column-gap-no\">\n\t\t\t\t\t<div class=\"elementor-column elementor-col-100 elementor-top-column elementor-element elementor-element-26be13c\" data-id=\"26be13c\" data-element_type=\"column\">\n\t\t\t<div class=\"elementor-widget-wrap elementor-element-populated\">\n\t\t\t\t\t\t<div class=\"elementor-element elementor-element-746659d elementor-align-left elementor-widget elementor-widget-bdevs-faq\" data-id=\"746659d\" data-element_type=\"widget\" data-widget_type=\"bdevs-faq.default\">\n\t\t\t\t<div class=\"elementor-widget-container\">\n\t\t\t\t\t    <section class=\"faq-area py-128 black-110-bg\">\r\n            <div class=\"container\">\r\n                <div class=\"row align-items-center\">   \r\n                                   \r\n                    <div class=\"col-sm-1 col-lg-1\">\r\n                        <p class=\"faq-p-rotate\">NAJ\u010cE\u0160\u0106E POSTAVLJENA PITANJA<\/p>\r\n                    <\/div>\r\n                     \r\n                    <div class=\"mobile-ml-96 col-sm-3 col-lg-3\">\r\n                       <div class=\"timeline-content wow fadeInRight delay-0-2s\">\r\n                                                       <div class=\"timeline-item\">\r\n                                                                <img decoding=\"async\" class=\"ishow ruler-active-dark\" src=\"https:\/\/indochine.lohatheme.com\/wp-content\/uploads\/2024\/08\/ruler-active-dark.png\" alt=\"ruler image\">\r\n                                                                                                <img decoding=\"async\" class=\"ishow ruler-active-light\" src=\"https:\/\/indochine.lohatheme.com\/wp-content\/uploads\/2024\/08\/ruler-active-light.png\" alt=\"ruler image\">\r\n                                                                                                <img decoding=\"async\" class=\"ifade\" src=\"https:\/\/indochine.lohatheme.com\/wp-content\/uploads\/2024\/08\/ruler.png\" alt=\"ruler image\">\r\n                                                                                                <div class=\"icon h2\">01<\/div>\r\n                                                            <\/div>\r\n                                                       <div class=\"timeline-item\">\r\n                                                                <img decoding=\"async\" class=\"ishow ruler-active-dark\" src=\"https:\/\/indochine.lohatheme.com\/wp-content\/uploads\/2024\/08\/ruler-active-dark.png\" alt=\"ruler image\">\r\n                                                                                                <img decoding=\"async\" class=\"ishow ruler-active-light\" src=\"https:\/\/indochine.lohatheme.com\/wp-content\/uploads\/2024\/08\/ruler-active-light.png\" alt=\"ruler image\">\r\n                                                                                                <img decoding=\"async\" class=\"ifade\" src=\"https:\/\/indochine.lohatheme.com\/wp-content\/uploads\/2024\/08\/ruler.png\" alt=\"ruler image\">\r\n                                                                                                <div class=\"icon h2\">02<\/div>\r\n                                                            <\/div>\r\n                                                       <div class=\"timeline-item\">\r\n                                                                <img decoding=\"async\" class=\"ishow ruler-active-dark\" src=\"https:\/\/indochine.lohatheme.com\/wp-content\/uploads\/2024\/08\/ruler-active-dark.png\" alt=\"ruler image\">\r\n                                                                                                <img decoding=\"async\" class=\"ishow ruler-active-light\" src=\"https:\/\/indochine.lohatheme.com\/wp-content\/uploads\/2024\/08\/ruler-active-light.png\" alt=\"ruler image\">\r\n                                                                                                <img decoding=\"async\" class=\"ifade\" src=\"https:\/\/indochine.lohatheme.com\/wp-content\/uploads\/2024\/08\/ruler.png\" alt=\"ruler image\">\r\n                                                                                                <div class=\"icon h2\">03<\/div>\r\n                                                            <\/div>\r\n                                                       <div class=\"timeline-item\">\r\n                                                                <img decoding=\"async\" class=\"ishow ruler-active-dark\" src=\"https:\/\/indochine.lohatheme.com\/wp-content\/uploads\/2024\/08\/ruler-active-dark.png\" alt=\"ruler image\">\r\n                                                                                                <img decoding=\"async\" class=\"ishow ruler-active-light\" src=\"https:\/\/indochine.lohatheme.com\/wp-content\/uploads\/2024\/08\/ruler-active-light.png\" alt=\"ruler image\">\r\n                                                                                                <img decoding=\"async\" class=\"ifade\" src=\"https:\/\/indochine.lohatheme.com\/wp-content\/uploads\/2024\/08\/ruler.png\" alt=\"ruler image\">\r\n                                                                                                <div class=\"icon h2\">04<\/div>\r\n                                                            <\/div>\r\n                                                       <div class=\"timeline-item\">\r\n                                                                <img decoding=\"async\" class=\"ishow ruler-active-dark\" src=\"https:\/\/indochine.lohatheme.com\/wp-content\/uploads\/2024\/08\/ruler-active-dark.png\" alt=\"ruler image\">\r\n                                                                                                <img decoding=\"async\" class=\"ishow ruler-active-light\" src=\"https:\/\/indochine.lohatheme.com\/wp-content\/uploads\/2024\/08\/ruler-active-light.png\" alt=\"ruler image\">\r\n                                                                                                <img decoding=\"async\" class=\"ifade\" src=\"https:\/\/indochine.lohatheme.com\/wp-content\/uploads\/2024\/08\/ruler.png\" alt=\"ruler image\">\r\n                                                                                                <div class=\"icon h2\">05<\/div>\r\n                                                            <\/div>\r\n                                                   <\/div>\r\n                    <\/div>\r\n                    <div class=\"col-sm-8 col-lg-8\">\r\n                        <div class=\"timeline-images wow fadeInLeft delay-0-2s\">\r\n                                                        <div class=\"content\" style=\"background-image: url(https:\/\/indochine.lohatheme.com\/wp-content\/uploads\/2024\/08\/faq.png);\">\r\n                                <div class=\"faq-text\">\r\n                                                                        <span class=\"h5 title mb-32\">Da li izra\u0111ujete stolariju po meri?<\/span>      \r\n                                                                \r\n                                                                                                            <p>Da, svi na\u0161i proizvdi uklju\u010duju\u0107i i PVC prozore i vrata izra\u0111uju se po preciznim dimenzijama koje uzimamo na terenu, kako bi se savr\u0161eno uklopili u va\u0161 prostor.\n\nJedino se sigurnosna vrata ne rade po meri, jer izrada nije na\u0161a.<\/p>\r\n                                                                   <\/div>\r\n                            <\/div>\r\n                                                        <div class=\"content\" style=\"background-image: url(https:\/\/indochine.lohatheme.com\/wp-content\/uploads\/2024\/08\/faq.png);\">\r\n                                <div class=\"faq-text\">\r\n                                                                        <span class=\"h5 title mb-32\">Koja je razlika izme\u0111u Basic, Premium i Premium Plus PVC stolarije?<\/span>      \r\n                                                                \r\n                                                                                                            <p>Razlika je u profilu, vrsti i debljini stakla, stepenu izolacije i dodatnim funkcionalnostima. Svaki nivo je prilago\u0111en razli\u010ditim bud\u017eetima i potrebama.<\/p>\r\n                                                                   <\/div>\r\n                            <\/div>\r\n                                                        <div class=\"content\" style=\"background-image: url(https:\/\/indochine.lohatheme.com\/wp-content\/uploads\/2024\/08\/faq.png);\">\r\n                                <div class=\"faq-text\">\r\n                                                                        <span class=\"h5 title mb-32\">Da li je mogu\u0107e postaviti roletne i komarnike na ve\u0107 postoje\u0107u stolariju?<\/span>      \r\n                                                                \r\n                                                                                                            <p>Mogu. Komarnici se mogu dodati na ve\u0107 ugra\u0111ene prozore i vrata, i to u sve tri varijante \u2013 fiksni, rolo i plisirani. Isto va\u017ei i za na\u0161e aluminijumske roletne. <\/p>\r\n                                                                   <\/div>\r\n                            <\/div>\r\n                                                        <div class=\"content\" style=\"background-image: url(https:\/\/indochine.lohatheme.com\/wp-content\/uploads\/2024\/08\/faq.png);\">\r\n                                <div class=\"faq-text\">\r\n                                                                        <span class=\"h5 title mb-32\">Kako izgleda proces poru\u010divanja?<\/span>      \r\n                                                                \r\n                                                                                                            <p>Nakon \u0161to nas kontaktirate, zakazujemo besplatnu konsultaciju i dolazak na teren radi preciznog merenja i saveta u skladu sa va\u0161im potrebama i prostorom. Nakon toga sledi izrada po meri, organizacija prevoza i profesionalna monta\u017ea. <\/p>\r\n                                                                   <\/div>\r\n                            <\/div>\r\n                                                        <div class=\"content\" style=\"background-image: url(https:\/\/indochine.lohatheme.com\/wp-content\/uploads\/2024\/08\/faq.png);\">\r\n                                <div class=\"faq-text\">\r\n                                                                        <span class=\"h5 title mb-32\">Da li je prevoz besplatan?<\/span>      \r\n                                                                \r\n                                                                        <h6 class=\"mb-32\">Da li je prevoz besplatan?<\/h6>\r\n                                                                                                            <p>Da, na teritoriji Beograda besplani su i izlazak na teren i prevoz. Naravno, kada je re\u010d o drugim gradovima zavisi od mnogo faktora uklju\u010duju\u0107i i koli\u010dinu, svakako bi Vam na\u0161 tim u telefonskom razgovoru ili mejl prepisci odmah dao potrebne informacije. <\/p>\r\n                                                                   <\/div>\r\n                            <\/div>\r\n                                                    <\/div>\r\n                    <\/div>\r\n                <\/div>\r\n            <\/div>\r\n        <\/section>\r\n    \t\t\t\t<\/div>\n\t\t\t\t<\/div>\n\t\t\t\t\t<\/div>\n\t\t<\/div>\n\t\t\t\t\t<\/div>\n\t\t<\/section>\n\t\t\t\t<\/div>\n\t\t","protected":false},"excerpt":{"rendered":"<p>O nama Po\u010dena O nama Na\u0161 projekat &#8211; Va\u0161e poverenje \u2022 GOLD 5 &#8211; Vizija \u2022 GOLD 5 &#8211; Temelji \u2022 GOLD 5 &#8211; Poverenje Svaka pri\u010da po\u010dinje vizijom. Na\u0161a je bila jasna \u2013 stvoriti re\u0161enja koja spajaju estetiku, funkcionalnost i dugotrajnost. Vo\u0111eni idejom da kvalitet treba da bude standard, a ne privilegija, oblikovali smo [&hellip;]<\/p>\n","protected":false},"author":1,"featured_media":0,"parent":0,"menu_order":0,"comment_status":"closed","ping_status":"closed","template":"page-templates\/home-1.php","meta":{"footnotes":""},"class_list":["post-311","page","type-page","status-publish","hentry"],"_links":{"self":[{"href":"https:\/\/goldfive.rs\/index.php?rest_route=\/wp\/v2\/pages\/311","targetHints":{"allow":["GET"]}}],"collection":[{"href":"https:\/\/goldfive.rs\/index.php?rest_route=\/wp\/v2\/pages"}],"about":[{"href":"https:\/\/goldfive.rs\/index.php?rest_route=\/wp\/v2\/types\/page"}],"author":[{"embeddable":true,"href":"https:\/\/goldfive.rs\/index.php?rest_route=\/wp\/v2\/users\/1"}],"replies":[{"embeddable":true,"href":"https:\/\/goldfive.rs\/index.php?rest_route=%2Fwp%2Fv2%2Fcomments&post=311"}],"version-history":[{"count":49,"href":"https:\/\/goldfive.rs\/index.php?rest_route=\/wp\/v2\/pages\/311\/revisions"}],"predecessor-version":[{"id":1045,"href":"https:\/\/goldfive.rs\/index.php?rest_route=\/wp\/v2\/pages\/311\/revisions\/1045"}],"wp:attachment":[{"href":"https:\/\/goldfive.rs\/index.php?rest_route=%2Fwp%2Fv2%2Fmedia&parent=311"}],"curies":[{"name":"wp","href":"https:\/\/api.w.org\/{rel}","templated":true}]}}